2270).
2
Let y(u) = 135*u**2 + 1695*u + 4224. Give y(-9).
-96
Let s(a) = -a**3 + 4*a**2 + 436*a + 1599. What is s(-16)?
-257
Let l(z) = 21860*z - 284771. Calculate l(13).
-591
Let s(m) = 74*m**3 - 538*m**2 + 607*m - 251. Give s(6).
7
Let d(n) = n**2 + 222130*n + 444255. Give d(-2).
-1
Let s(k) = -32*k**3 - 95*k**2 + 39*k + 98. Give s(-3).
-10
Let m(g) = -657*g + 95274. Calculate m(145).
9
Let s(l) = -l**3 + 207*l**2 + 5284*l - 123. What is s(-23)?
15
Let b(u) = 3*u**2 - 1078*u + 12031. Give b(11).
536
Let w(c) = -c**3 + 1930*c**2 - 554266*c + 58423. What is w(1579)?
0
Let t(d) = 3*d**3 + 62*d**2 + 25*d + 439. What is t(-19)?
1769
Let m(i) = -17*i**3 - 7287*i**2 - 14560*i + 24. Calculate m(-2).
132
Let s(f) = -f**3 - 9*f**2 + 228*f + 2283. Give s(-11).
17
Let v(p) = -p**3 - 45*p**2 + 3855*p + 176655. What is v(-47)?
-112
Let j(s) = 142759*s + 1855944. Calculate j(-13).
77
Let d(y) = -60*y**2 - 26*y + 27. Give d(-1).
-7
Let h(u) = 68*u**3 + 2*u**2 + 2373*u + 2373. Give h(-1).
-66
Let p(b) = 5*b**2 - 300*b - 7074. Calculate p(-18).
-54
Let k(h) = -193899*h + 2520685. Calculate k(13).
-2
Let d(z) = -5484*z - 65796. What is d(-12)?
12
Let m(u) = 3*u**3 + u**2 + 22*u + 49. Determine m(-7).
-1085
Let y(q) = -35174*q + 1231085. Calculate y(35).
-5
Let t(f) = -475929*f - 10. What is t(0)?
-10
Let x(h) = 156130*h - 936757. Determine x(6).
23
Let k(q) = -63*q + 1824. Give k(24).
312
Let y(s) = -s**2 - 2227*s - 45644. Calculate y(-21).
682
Let u(o) = o**3 + 47*o**2 - 74*o - 218. Give u(-48).
1030
Let z(d) = 5*d**3 + 17*d**2 - 36*d + 60. Give z(5).
930
Let p(d) = 19*d**3 + 2033*d**2 + d + 112. Calculate p(-107).
5
Let b(s) = 18247*s - 76059. Calculate b(4).
-3071
Let z(i) = -28*i**3 - 348*i**2 - 17*i + 14. What is z(-12)?
-1510
Let r(z) = 5*z**3 - 19*z**2 - 129*z + 33. Calculate r(-8).
-2711
Let c(p) = 10036*p + 61038. Determine c(-6).
822
Let l(k) = 15*k**2 + 1286*k - 195. Give l(-86).
149
Let m(p) = -5*p**2 + 202*p - 1570. Give m(30).
-10
Let x(j) = -j**3 + 112*j**2 - 78*j - 4380. Determine x(111).
-717
Let j(o) = -783*o + 11220. Calculate j(15).
-525
Let c(a) = 11242*a + 78732. What is c(-7)?
38
Let k(n) = 16648*n - 466159. Give k(28).
-15
Let r(n) = 32477*n - 20330598. Give r(626).
4
Let a(o) = 29*o**2 + 2678*o + 33667. Calculate a(-15).
22
Let z(h) = -647*h - 70699. Determine z(-109).
-176
Let n(m) = -m**3 + 783*m**2 + 9450*m - 1086. Calculate n(-12).
-6
Let f(z) = -2*z**3 - 11*z**2 + 18*z - 56. Give f(5).
-491
Let f(a) = 8*a**3 - 3*a**2 - 31*a + 102. Determine f(3).
198
Let y(z) = 2*z**3 - 49*z**2 - 2*z - 513. Determine y(25).
62
Let r(t) = -1914*t - 145450. Calculate r(-76).
14
Let q(u) = -17059*u + 1057657. Give q(62).
-1
Let l(i) = 588*i**3 + 11*i**2 - 1080*i - 1092. Determine l(-1).
-589
Let n(w) = -w**3 + 8*w**2 + 3148*w - 34162. Determine n(11).
103
Let n(q) = 1294*q**2 - 9043*q - 116. Calculate n(7).
-11
Let v(o) = -34277*o**2 + 102815*o + 13. What is v(3)?
-35
Let i(l) = -7223*l - 520041. Determine i(-72).
15
Let c(j) = -1473*j - 9274. What is c(-6)?
-436
Let a(w) = 112*w**3 - 6*w**2 - 30*w - 87. Determine a(-3).
-3075
Let w(i) = -i**2 + 3103*i + 481071. Determine w(-148).
-77
Let m(j) = -j**3 + 73*j**2 - 354*j + 828. Calculate m(68).
-124
Let r(x) = -x**2 + 930*x - 38154. Determine r(43).
-13
Let b(d) = -629*d + 4330. Give b(10).
-1960
Let i(z) = 956*z + 76451. What is i(-80)?
-29
Let m(n) = -2*n**2 - 548*n + 88463. Calculate m(114).
-1
Let u(p) = -p**3 + 13*p**2 + 363*p + 1637. Calculate u(-5).
272
Let g(q) = -1717549*q - 15457941. What is g(-9)?
0
Let m(v) = 35754*v - 178768. Calculate m(5).
2
Let v(z) = -126*z**2 + 212*z + 1204. Give v(-5).
-3006
Let f(k) = 284*k - 2104. Give f(10).
736
Let r(f) = 72*f**2 - 3046*f + 848. What is r(42)?
-76
Let h(p) = 3*p**3 + 28*p**2 - 3140*p - 22163. Determine h(-7).
160
Let h(l) = 2*l**2 + 193*l + 2402. What is h(-75)?
-823
Let o(k) = 160*k**2 + 27356*k - 697. Give o(-171).
-13
Let j(s) = -s**3 + 10*s**2 - 171*s + 2783. Determine j(13).
53
Let y(x) = 7*x**2 - 1274*x + 8679. What is y(175)?
104
Let b(s) = 48*s**2 - 7522*s - 82504. Calculate b(167).
-6
Let g(d) = -25*d**2 + 173*d - 16. Calculate g(7).
-30
Let u(w) = -w**3 - 105*w**2 + 234*w + 1986. Determine u(-107).
-154
Let c(l) = 4*l**2 - 590*l + 21411. Give c(83).
-3
Let n(j) = -817*j + 2524. Calculate n(4).
-744
Let z(f) = 2*f**2 - 121*f - 5198. Determine z(-29).
-7
Let y(q) = -15831*q + 44. Calculate y(0).
44
Let m(i) = -25907*i + 103570. Determine m(4).
-58
Let c(u) = 3*u**3 - 44*u**2 + 214*u - 393. What is c(12)?
1023
Let w(j) = -4*j**3 + 19*j**2 - 60*j - 106. Calculate w(6).
-646
Let b(k) = k**2 + 12580*k - 75528. What is b(6)?
-12
Let d(a) = a**3 + 30*a**2 + 124*a + 47. Give d(-6).
167
Let j(i) = 1652*i - 17135. What is j(10)?
-615
Let y(t) = 1466*t + 278552. Give y(-190).
12
Let r(g) = -4*g**2 - 2295*g + 22819. Determine r(10).
-531
Let l(d) = d**3 + 190*d**2 + 4193*d + 1669. What is l(-25)?
-31
Let u(z) = -z**3 - 24*z**2 + 83*z + 1364. Give u(-26).
558
Let w(u) = -57048*u**2 + 57012*u + 1. Give w(1).
-35
Let i(p) = -19*p**2 - 3858*p - 56859. What is i(-16)?
5
Let s(f) = -87*f**3 + 249*f**2 - 428*f + 1391. Calculate s(3).
-1
Let h(f) = f**3 - 24*f**2 - 194*f + 76. Determine h(-7).
-85
Let d(a) = 3608*a + 6281. Determine d(-2).
-935
Let f(t) = -3*t**2 + 914*t - 33119. Give f(264).
-911
Let i(d) = -3*d**3 - 431*d**2 + 586*d + 827. Give i(-145).
-43
Let s(r) = -8309*r + 158102. What is s(19)?
231
Let t(l) = -3*l**3 - 47*l**2 - 26*l + 1469. What is t(-11)?
61
Let u(t) = 3309*t + 208242. What is u(-63)?
-225
Let y(n) = 13*n**3 + 1291*n**2 + 4958*n + 8. Calculate y(-4).
0
Let o(l) = l**3 + 408*l**2 - 5037*l + 2. What is o(12)?
38
Let w(j) = -j**3 + 6*j**2 - 22*j - 185. What is w(11)?
-1032
Let d(j) = 39162*j + 665759. Determine d(-17).
5
Let t(m) = -82*m**3 + m**2 - 41*m + 104. Calculate t(3).
-2224
Let u(w) = -3*w**2 + 4536*w + 50282. Give u(-11).
23
Let k(h) = 512*h + 4957. Give k(-11).
-675
Let v(g) = g**3 - 71*g**2 - 893*g - 736. Determine v(82).
2
Let w(i) = i**2 - 135*i + 1120. Calculate w(118).
-886
Let f(b) = 96*b**3 - 103*b**2 + 285*b + 6. Calculate f(3).
2526
Let j(f) = 18*f**3 - 9*f**2 - 86*f - 262. Determine j(-3).
-571
Let v(u) = u**2 - 14672*u + 12020667. Give v(871).
-4
Let m(b) = -36*b**2 - 7681*b + 4274. Give m(-214).
-648
Let l(c) = -4*c**2 + 199*c + 1101. Determine l(-6).
-237
Let h(v) = 3499617*v - 17498089. Give h(5).
-4
Let i(d) = 14*d**3 + 1570*d**2 + 251*d + 228. Calculate i(-112).
-2796
Let p(q) = -18582*q - 111488. Determine p(-6).
4
Let x(u) = -87*u**3 - 34*u**2 + 278*u - 282. Give x(1).
-125
Let x(h) = -3*h**2 - 83*h - 521. Determine x(-42).
-2327
Let j(b) = 3*b**2 + 7675*b - 185408. What is j(24)?
520
Let g(r) = 1649*r - 763490. Calculate g(463).
-3
Let z(k) = 32*k**2 - 513*k + 1898. Give z(6).
-28
Let i(q) = -17*q**2 + 2799*q - 12636. Calculate i(160).
4
Let o(b) = -29369*b + 56388479. Determine o(1920).
-1
Let f(k) = k**3 - 6*k**2 - 10597*k - 400. Determine f(106).
-82
Let t(x) = 2*x**3 + 85*x**2 + 577*x - 5. Calculate t(-34).
29
Let z(d) = 5*d**2 - 677*d - 10124. What is z(149)?
8
Let j(g) = g**3 + 324*g**2 + 3745*g + 441. Calculate j(-312).
129
Let n(m) = 2363*m - 54297. Give n(23).
52
Let a(q) = -10309*q - 144322. What is a(-14)?
4
Let h(s) = -1859*s + 1310589. Determine h(705).
-6
Let x(c) = -3*c**2 + 989*c - 10948. Determine x(11).
-432
Let g(f) = -32*f**2 - 2879*f - 2749. What is g(-89)?
10
Let y(j) = -j**3 + 530*j**2 + 4322*j - 9676. Calculate y(538).
8
Let p(d) = -d**3 + 1241*d**2 - 23197*d - 25673. Calculate p(1222).
-11
Let q(d) = d**2 + 234*d - 27377. What is q(-320)?
143
Let u(t) = 44*t**2 - 2927*t + 20595. Give u(8).
-5
Let r(z) = -4*z**2 - 427*z - 6673. Give r(-19).
-4
Let y(h) = -258*h + 36970. What is y(143)?
76
Let v(n) = -458*n**2 + 677*n + 3. Give v(3).
-2088
Let s(o) = -5518*o - 66232. What is s(-12)?
-16
Let h(s) = 8*s**2 + 139*s - 6154. Give h(20).
-174
Let u(y) = 1727*y - 10410. Give u(6).
-48
Let d(q) = -5*q**2 + 90*q + 1380. What is d(-13)?
-635
Let x(a) = 17*a - 5160. Calculate x(297).
-111
Let v(x) = -x**3 - 49*x**2 + 402*x + 97. Determine v(-56).
-463
Let f(n) = 7226*n - 245657. What is f(34)?
27
Let f(l) = -l**3 - 17*l**2 - 98*l - 811. Calculate f(-14).
-27
Let c(w) = 35*w**2 + 987*w - 